False
Is 80071 composite?
False
Is 243149 prime?
True
Is 9967 a composite number?
False
Is 51877 a composite number?
True
Is 3547 a prime number?
True
Is 439531 a composite number?
True
Is 47161 a prime number?
True
Is 382787 a composite number?
True
Is 68993 a prime number?
True
Is 87545 a prime number?
False
Is 258985 composite?
True
Is 116239 a composite number?
False
Is 23159 composite?
False
Is 118853 a composite number?
True
Is 1538807 composite?
False
Is 39079 prime?
True
Is 743674 composite?
True
Is 29917 a composite number?
False
Is 12601 composite?
False
Is 1092955 a composite number?
True
Is 210901 composite?
False
Is 10763 a composite number?
True
Is 1958369 composite?
True
Is 19165 prime?
False
Is 242153 a prime number?
False
Is 333313 a composite number?
True
Is 76231 a prime number?
True
Is 70985 prime?
False
Is 32957 a prime number?
True
Is 767647 a prime number?
True
Is 13397 composite?
False
Is 20021 prime?
True
Is 5919 a prime number?
False
Is 7493 a composite number?
True
Is 180415 composite?
True
Is 991867 a prime number?
True
Is 276767 a composite number?
False
Is 29381 a composite number?
True
Is 155047 a composite number?
False
Is 214723 composite?
False
Is 1559 composite?
False
Is 190207 prime?
True
Is 393487 prime?
True
Is 112459 prime?
True
Is 340519 prime?
True
Is 47041 composite?
False
Is 8497 a prime number?
False
Is 17663 a prime number?
False
Is 46609 composite?
True
Is 1361 a prime number?
True
Is 40423 prime?
True
Is 37919 a prime number?
False
Is 18635 a composite number?
True
Is 713173 a prime number?
False
Is 168013 a prime number?
True
Is 199 prime?
True
Is 273457 a prime number?
True
Is 54971 a prime number?
False
Is 5809 a prime number?
False
Is 582929 a prime number?
False
Is 175043 composite?
True
Is 253127 a prime number?
False
Is 141529 a prime number?
True
Is 725411 prime?
False
Is 48219 a composite number?
True
Is 12458 a prime number?
False
Is 10193 a composite number?
False
Is 1587211 prime?
False
Is 29789 a composite number?
False
Is 2109727 composite?
False
Is 60586 a prime number?
False
Is 219647 a prime number?
True
Is 85127 a prime number?
False
Is 146191 prime?
True
Is 631643 a prime number?
True
Is 364027 a composite number?
False
Is 3779 prime?
True
Is 73417 composite?
False
Is 8663 composite?
False
Is 93059 a prime number?
True
Is 32083 prime?
True
Is 1087 a composite number?
False
Is 46169 a composite number?
True
Is 2503 a composite number?
False
Is 220193 a composite number?
True
Is 396113 composite?
True
Is 137867 prime?
True
Is 90583 a prime number?
True
Is 59191 a composite number?
True
Is 67121 prime?
True
Is 321179 composite?
True
Is 32483 a prime number?
False
Is 396029 composite?
False
Is 5767 prime?
False
Is 107441 a prime number?
True
Is 18229 prime?
True
Is 169049 a prime number?
True
Is 899789 a composite number?
True
Is 1673897 a composite number?
False
Is 83357 a composite number?
False
Is 219361 a composite number?
False
Is 60719 prime?
True
Is 392423 composite?
False
Is 33997 prime?
True
Is 149639 composite?
True
Is 52501 composite?
False
Is 467 composite?
False
Is 4119 prime?
False
Is 4237 a prime number?
False
Is 7621 a prime number?
True
Is 226231 a prime number?
True
Is 56299 prime?
True
Is 487733 a prime number?
True
Is 7081 a composite number?
True
Is 1171 composite?
False
Is 379 a composite number?
False
Is 46 prime?
False
Is 195623 composite?
True
Is 101407 prime?
False
Is 167593 a prime number?
True
Is 134579 prime?
False
Is 57731 a prime number?
True
Is 4327 composite?
False
Is 86807 a prime number?
False
Is 337 a prime number?
True
Is 43391 a composite number?
False
Is 89413 composite?
False
Is 7661 composite?
True
Is 48731 a prime number?
True
Is 6683 prime?
False
Is 20977 composite?
True
Is 151303 a prime number?
True
Is 1841 composite?
True
Is 662 a composite number?
True
Is 32707 composite?
False
Is 185239 a prime number?
False
Is 1903 composite?
True
Is 324847 a prime number?
True
Is 96034 a composite number?
True
Is 13997 prime?
True
Is 14519 prime?
True
Is 153607 a composite number?
False
Is 368669 composite?
True
Is 1189 prime?
False
Is 23429 a composite number?
True
Is 21621 prime?
False
Is 60493 a composite number?
False
Is 554 a composite number?
True
Is 708733 a prime number?
True
Is 244457 prime?
True
Is 107431 a prime number?
False
Is 60373 prime?
True
Is 31357 prime?
True
Is 3194 a prime number?
False
Is 109441 a composite number?
False
Is 1097 prime?
True
Is 406703 composite?
True
Is 180755 a prime number?
False
Is 7993 a prime number?
True
Is 2590193 a prime number?
False
Is 40753 a prime number?
False
Is 97863 a prime number?
False
Is 43763 composite?
True
Is 28903 a prime number?
False
Is 1373 composite?
False
Is 25199 composite?
True
Is 574901 a composite number?
True
Is 182661 a prime number?
False
Is 22343 prime?
True
Is 483907 a composite number?
False
Is 28151 prime?
True
Is 1350641 composite?
False
Is 9469 a composite number?
True
Is 959 a composite number?
True
Is 30335 prime?
False
Is 23753 a prime number?
True
Is 1781 prime?
False
Is 124277 prime?
True
Is 10921 a composite number?
True
Is 1329593 a composite number?
False
Is 1137 a composite number?
True
Is 35159 a prime number?
True
Is 1409 a composite number?
False
Is 731667 a prime number?
False
Is 1194955 a composite number?
True
Is 29243 prime?
True
Is 9073 composite?
True
Is 295387 a prime number?
True
Is 4133 a composite number?
False
Is 978221 a composite number?
True
Is 15233 prime?
True
Is 1439573 a prime number?
False
Is 611581 composite?
True
Is 1436483 prime?
False
Is 238079 a composite number?
False
Is 86627 a prime number?
True
Is 15937 composite?
False
Is 14293 a prime number?
True
Is 84457 a prime number?
True
Is 68633 a prime number?
True
Is 1863035 a prime number?
False
Is 240073 a prime number?
True
Is 82933 a prime number?
False
Is 31555 a composite number?
True
Is 590741 composite?
False
Is 316531 prime?
True
Is 34439 composite?
False
Is 106706 a prime number?
False
Is 141883 prime?
False
Is 835 a composite number?
True
Is 288901 prime?
False
Is 12893 prime?
True
Is 593863 composite?
False
Is 18631 composite?
True
Is 1316977 composite?
True
Is 257557 a prime number?
False
Is 167363 prime?
False
Is 34991 a composite number?
True
Is 28781 a composite number?
True
Is 59821 a composite number?
True
Is 13567 a composite number?
False
Is 673 prime?
True
Is 169823 composite?
False
Is 156619 composite?
False
Is 2321 composite?
True
Is 79057 composite?
True
Is 4291 a prime number?
False
Is 7327 composite?
True
Is 1347 a composite number?
True
Is 6718 a prime number?
False
Is 61583 prime?
True
Is 18013 a composite number?
False
Is 907 composite?
False
Is 131203 prime?
True
Is 1602269 a composite number?
False
Is 25927 a composite number?
True
Is 24733 composite?
False
Is 340799 a composite number?
True
Is 4507 composite?
False
Is 19369 a prime number?
False
Is 321353 prime?
False
Is 29919 a composite number?
True
Is 2161 a prime number?
True
Is 1605103 composite?
False
Is 20431 composite?
False
Is 30679 prime?
False
Is 222247 composite?
False
Is 4561 prime?
True
Is 7057 composite?
False
Is 51549 a prime number?
False
Is 39157 a prime number?
True
Is 5227 prime?
True
Is 5305 a prime number?
False
Is 1402783 a composite number?
True
Is 67601 prime?
True
Is 43223 composite?
False
Is 87949 a prime number?
False
Is 153074 composite?
True
Is 3029 composite?
True
Is 47327 composite?
True
Is 191371 prime?
False
Is 382177 prime?
False
Is 892195 a prime number?
False
Is 146159 a composite number?
True
Is 303682 composite?
True
Is 51109 prime?
True
Is 254593 a prime number?
True
Is 13726 prime?
False
Is 62039 a prime number?
True
Is 730517 composite?
True
Is 35951 composite?
False
Is 135955 a prime number?
False
Is 390955 a composite number?
True
Is 97231 a prime number?
True
Is 11631 a composite number?
True
Is 583 a prime number?
False
Is 565 a prime number?
False
Is 50489 a composite number?
True
Is 249041 a prime number?
False
Is 2437 a composite number?
False
Is 417371 composite?
False
Is 140755 prime?
False
Is 907 a prime number?
True
Is 3638639 composite?
False
Is 38051 a composite number?
True
Is 16319 composite?
False
Is 3389 prime?
True
Is 20317 prime?
False
Is 7593